[INFO] cloning repository https://github.com/adfboyd/multi_ellip
[INFO] running `Command { std: "git" "-c" "credential.helper=" "-c" "credential.helper=/workspace/cargo-home/bin/git-credential-null" "clone" "--bare" "https://github.com/adfboyd/multi_ellip" "/workspace/cache/git-repos/https%3A%2F%2Fgithub.com%2Fadfboyd%2Fmulti_ellip", kill_on_drop: false }`
[INFO] [stderr] Cloning into bare repository '/workspace/cache/git-repos/https%3A%2F%2Fgithub.com%2Fadfboyd%2Fmulti_ellip'...
[INFO] running `Command { std: "git" "rev-parse" "HEAD", kill_on_drop: false }`
[INFO] [stdout] e7641bbf02036a8d68c7c870a6a128b2737c6130
[INFO] checking adfboyd/multi_ellip against master#9610dfe5a9a731ced1ea4923ecbd0c57fe367898 for beta-170-4
[INFO] running `Command { std: "git" "clone" "/workspace/cache/git-repos/https%3A%2F%2Fgithub.com%2Fadfboyd%2Fmulti_ellip" "/workspace/builds/worker-5-tc1/source", kill_on_drop: false }`
[INFO] [stderr] Cloning into '/workspace/builds/worker-5-tc1/source'...
[INFO] [stderr] done.
[INFO] validating manifest of git repo https://github.com/adfboyd/multi_ellip on toolchain 9610dfe5a9a731ced1ea4923ecbd0c57fe367898
[INFO] running `Command { std: CARGO_HOME="/workspace/cargo-home" RUSTUP_HOME="/workspace/rustup-home" "/workspace/cargo-home/bin/cargo" "+9610dfe5a9a731ced1ea4923ecbd0c57fe367898" "metadata" "--manifest-path" "Cargo.toml" "--no-deps", kill_on_drop: false }`
[INFO] started tweaking git repo https://github.com/adfboyd/multi_ellip
[INFO] finished tweaking git repo https://github.com/adfboyd/multi_ellip
[INFO] tweaked toml for git repo https://github.com/adfboyd/multi_ellip written to /workspace/builds/worker-5-tc1/source/Cargo.toml
[INFO] crate git repo https://github.com/adfboyd/multi_ellip already has a lockfile, it will not be regenerated
[INFO] running `Command { std: CARGO_HOME="/workspace/cargo-home" RUSTUP_HOME="/workspace/rustup-home" "/workspace/cargo-home/bin/cargo" "+9610dfe5a9a731ced1ea4923ecbd0c57fe367898" "fetch" "--manifest-path" "Cargo.toml", kill_on_drop: false }`
[INFO] [stderr]  Downloading crates ...
[INFO] [stderr]   Downloaded nalgebra v0.32.1
[INFO] running `Command { std: "docker" "create" "-v" "/var/lib/crater-agent-workspace/builds/worker-5-tc1/target:/opt/rustwide/target:rw,Z" "-v" "/var/lib/crater-agent-workspace/builds/worker-5-tc1/source:/opt/rustwide/workdir:ro,Z" "-v" "/var/lib/crater-agent-workspace/cargo-home:/opt/rustwide/cargo-home:ro,Z" "-v" "/var/lib/crater-agent-workspace/rustup-home:/opt/rustwide/rustup-home:ro,Z" "-e" "SOURCE_DIR=/opt/rustwide/workdir" "-e" "CARGO_TARGET_DIR=/opt/rustwide/target" "-e" "CARGO_HOME=/opt/rustwide/cargo-home" "-e" "RUSTUP_HOME=/opt/rustwide/rustup-home" "-w" "/opt/rustwide/workdir" "-m" "1610612736" "--user" "0:0" "--network" "none" "ghcr.io/rust-lang/crates-build-env/linux@sha256:19e73879b68f455e41552ea35293514db52ea292d993f571636dbffedb77a1ee" "/opt/rustwide/cargo-home/bin/cargo" "+9610dfe5a9a731ced1ea4923ecbd0c57fe367898" "metadata" "--no-deps" "--format-version=1", kill_on_drop: false }`
[INFO] [stdout] c1d76a4610911d1d7ca61a9dc081dae6891ed13ba9fc195ce486e2da5030a978
[INFO] running `Command { std: "docker" "start" "-a" "c1d76a4610911d1d7ca61a9dc081dae6891ed13ba9fc195ce486e2da5030a978", kill_on_drop: false }`
[INFO] running `Command { std: "docker" "inspect" "c1d76a4610911d1d7ca61a9dc081dae6891ed13ba9fc195ce486e2da5030a978", kill_on_drop: false }`
[INFO] running `Command { std: "docker" "rm" "-f" "c1d76a4610911d1d7ca61a9dc081dae6891ed13ba9fc195ce486e2da5030a978", kill_on_drop: false }`
[INFO] [stdout] c1d76a4610911d1d7ca61a9dc081dae6891ed13ba9fc195ce486e2da5030a978
[INFO] running `Command { std: "docker" "create" "-v" "/var/lib/crater-agent-workspace/builds/worker-5-tc1/target:/opt/rustwide/target:rw,Z" "-v" "/var/lib/crater-agent-workspace/builds/worker-5-tc1/source:/opt/rustwide/workdir:ro,Z" "-v" "/var/lib/crater-agent-workspace/cargo-home:/opt/rustwide/cargo-home:ro,Z" "-v" "/var/lib/crater-agent-workspace/rustup-home:/opt/rustwide/rustup-home:ro,Z" "-e" "SOURCE_DIR=/opt/rustwide/workdir" "-e" "CARGO_TARGET_DIR=/opt/rustwide/target" "-e" "CARGO_INCREMENTAL=0" "-e" "RUST_BACKTRACE=full" "-e" "RUSTFLAGS=--cap-lints=forbid" "-e" "RUSTDOCFLAGS=--cap-lints=forbid" "-e" "CARGO_HOME=/opt/rustwide/cargo-home" "-e" "RUSTUP_HOME=/opt/rustwide/rustup-home" "-w" "/opt/rustwide/workdir" "-m" "1610612736" "--user" "0:0" "--network" "none" "ghcr.io/rust-lang/crates-build-env/linux@sha256:19e73879b68f455e41552ea35293514db52ea292d993f571636dbffedb77a1ee" "/opt/rustwide/cargo-home/bin/cargo" "+9610dfe5a9a731ced1ea4923ecbd0c57fe367898" "check" "--frozen" "--all" "--all-targets" "--message-format=json", kill_on_drop: false }`
[INFO] [stdout] 220c3e7772a1a09997c671aeb4226022d06e632c870a0d78ef3421c2c84755de
[INFO] running `Command { std: "docker" "start" "-a" "220c3e7772a1a09997c671aeb4226022d06e632c870a0d78ef3421c2c84755de", kill_on_drop: false }`
[INFO] [stderr]    Compiling proc-macro2 v1.0.42
[INFO] [stderr]    Compiling unicode-ident v1.0.2
[INFO] [stderr]    Compiling syn v1.0.98
[INFO] [stderr]    Compiling num-traits v0.2.15
[INFO] [stderr]    Compiling num-integer v0.1.45
[INFO] [stderr]     Checking once_cell v1.13.1
[INFO] [stderr]    Compiling serde_derive v1.0.140
[INFO] [stderr]    Compiling ucd-trie v0.1.4
[INFO] [stderr]    Compiling serde v1.0.140
[INFO] [stderr]    Compiling crossbeam-utils v0.8.11
[INFO] [stderr]     Checking bytemuck v1.11.0
[INFO] [stderr]    Compiling num-rational v0.4.1
[INFO] [stderr]    Compiling crossbeam-epoch v0.9.10
[INFO] [stderr]    Compiling crc32fast v1.3.2
[INFO] [stderr]    Compiling freetype-sys v0.13.1
[INFO] [stderr]    Compiling yeslogic-fontconfig-sys v3.2.0
[INFO] [stderr]    Compiling memchr v2.5.0
[INFO] [stderr]    Compiling rayon-core v1.9.3
[INFO] [stderr]     Checking miniz_oxide v0.5.3
[INFO] [stderr]     Checking deflate v1.0.0
[INFO] [stderr]     Checking safe_arch v0.6.0
[INFO] [stderr]     Checking libloading v0.7.3
[INFO] [stderr]     Checking dirs-sys-next v0.1.2
[INFO] [stderr]    Compiling num-iter v0.1.43
[INFO] [stderr]     Checking dlib v0.5.0
[INFO] [stderr]    Compiling rayon v1.5.3
[INFO] [stderr]     Checking plotters-backend v0.3.4
[INFO] [stderr]     Checking jpeg-decoder v0.2.6
[INFO] [stderr]    Compiling paste v1.0.7
[INFO] [stderr]    Compiling font-kit v0.11.0
[INFO] [stderr]     Checking same-file v1.0.6
[INFO] [stderr]     Checking const-cstr v0.3.0
[INFO] [stderr]     Checking weezl v0.1.7
[INFO] [stderr]     Checking crossbeam-channel v0.5.6
[INFO] [stderr]     Checking walkdir v2.3.2
[INFO] [stderr]     Checking wide v0.7.4
[INFO] [stderr]     Checking freetype v0.7.0
[INFO] [stderr]     Checking dirs-next v2.0.0
[INFO] [stderr]     Checking time v0.1.44
[INFO] [stderr]     Checking png v0.17.5
[INFO] [stderr]     Checking gif v0.11.4
[INFO] [stderr]     Checking terminal_size v0.1.17
[INFO] [stderr]     Checking iana-time-zone v0.1.46
[INFO] [stderr]     Checking regex-automata v0.1.10
[INFO] [stderr]     Checking crossbeam-deque v0.8.2
[INFO] [stderr]     Checking float-ord v0.2.0
[INFO] [stderr]     Checking unicode-width v0.1.9
[INFO] [stderr]     Checking rawpointer v0.2.1
[INFO] [stderr]     Checking either v1.8.0
[INFO] [stderr]     Checking plotters-svg v0.3.2
[INFO] [stderr]    Compiling quote v1.0.20
[INFO] [stderr]     Checking matrixmultiply v0.3.2
[INFO] [stderr]     Checking console v0.15.1
[INFO] [stderr]     Checking csv-core v0.1.10
[INFO] [stderr]     Checking ttf-parser v0.15.2
[INFO] [stderr]     Checking ryu v1.0.10
[INFO] [stderr]     Checking itoa v0.4.8
[INFO] [stderr]     Checking number_prefix v0.4.0
[INFO] [stderr]     Checking fast-float v0.2.0
[INFO] [stderr]     Checking approx v0.5.1
[INFO] [stderr]     Checking num-bigint v0.4.3
[INFO] [stderr]     Checking chrono v0.4.22
[INFO] [stderr]     Checking image v0.24.3
[INFO] [stderr]     Checking indicatif v0.17.0
[INFO] [stderr]    Compiling thiserror-impl v1.0.31
[INFO] [stderr]    Compiling nalgebra-macros v0.2.0
[INFO] [stderr]     Checking plotters-bitmap v0.3.2
[INFO] [stderr]    Compiling thiserror v1.0.31
[INFO] [stderr]    Compiling pest v2.2.1
[INFO] [stderr]    Compiling semver-parser v0.10.2
[INFO] [stderr]    Compiling semver v0.11.0
[INFO] [stderr]    Compiling rustc_version v0.3.3
[INFO] [stderr]    Compiling pathfinder_simd v0.5.1
[INFO] [stderr]     Checking pathfinder_geometry v0.5.1
[INFO] [stderr]     Checking plotters v0.3.2
[INFO] [stderr]     Checking num-complex v0.4.2
[INFO] [stderr]     Checking bstr v0.2.17
[INFO] [stderr]     Checking simba v0.8.0
[INFO] [stderr]     Checking simba v0.7.1
[INFO] [stderr]     Checking num v0.4.0
[INFO] [stderr]     Checking csv v1.1.6
[INFO] [stderr]     Checking nalgebra v0.32.1
[INFO] [stderr]     Checking multi_ellip v0.1.0 (/opt/rustwide/workdir)
[INFO] [stdout] error[E0425]: cannot find value `f_xi` in this scope
[INFO] [stdout]     --> src/bem/integ.rs:1167:29
[INFO] [stdout]      |
[INFO] [stdout] 1167 |         let r_int = (fint - f_xi) * vn.dot(&dd_g);
[INFO] [stdout]      |                             ^^^^ not found in this scope
[INFO] [stdout] 
[INFO] [stdout] 
[INFO] [stdout] error[E0425]: cannot find value `f_xi` in this scope
[INFO] [stdout]     --> src/bem/integ.rs:1167:29
[INFO] [stdout]      |
[INFO] [stdout] 1167 |         let r_int = (fint - f_xi) * vn.dot(&dd_g);
[INFO] [stdout]      |                             ^^^^ not found in this scope
[INFO] [stdout] 
[INFO] [stdout] 
[INFO] [stdout] warning: unused doc comment
[INFO] [stdout]     --> src/bem/integ.rs:1054:5
[INFO] [stdout]      |
[INFO] [stdout] 1054 |     ///Does the integral on line 2 of eq(28) of Hyp-singular integrals paper. Carried out on the inner subsurface
[INFO] [stdout]      |     ^^^^^^^^^^^^^^^^^^^^^^^^^^^^^^^^^^^^^^^^^^^^^^^^^^^^^^^^^^^^^^^^^^^^^^^^^^^^^^^^^^^^^^^^^^^^^^^^^^^^^^^^^^^^^
[INFO] [stdout] 1055 |
[INFO] [stdout] 1056 |     let mut area = 0.0;
[INFO] [stdout]      |     ------------------- rustdoc does not generate documentation for statements
[INFO] [stdout]      |
[INFO] [stdout]      = help: use `//` for a plain comment
[INFO] [stdout]      = note: `#[warn(unused_doc_comments)]` on by default
[INFO] [stdout] 
[INFO] [stdout] 
[INFO] [stdout] warning: unused doc comment
[INFO] [stdout]     --> src/bem/integ.rs:1118:5
[INFO] [stdout]      |
[INFO] [stdout] 1118 |     ///Does the integral on line 3 of eq(28) of Hyp-singular integrals paper. Carried out on the inner subsurface
[INFO] [stdout]      |     ^^^^^^^^^^^^^^^^^^^^^^^^^^^^^^^^^^^^^^^^^^^^^^^^^^^^^^^^^^^^^^^^^^^^^^^^^^^^^^^^^^^^^^^^^^^^^^^^^^^^^^^^^^^^^
[INFO] [stdout] 1119 |
[INFO] [stdout] 1120 |     let mut area = 0.0;
[INFO] [stdout]      |     ------------------- rustdoc does not generate documentation for statements
[INFO] [stdout]      |
[INFO] [stdout]      = help: use `//` for a plain comment
[INFO] [stdout] 
[INFO] [stdout] 
[INFO] [stdout] warning: unused doc comment
[INFO] [stdout]     --> src/bem/integ.rs:1182:5
[INFO] [stdout]      |
[INFO] [stdout] 1182 |     ///Does the integral on line 5 of eq(28) of Hyp-singular integrals paper. Carried out on the inner subsurface
[INFO] [stdout]      |     ^^^^^^^^^^^^^^^^^^^^^^^^^^^^^^^^^^^^^^^^^^^^^^^^^^^^^^^^^^^^^^^^^^^^^^^^^^^^^^^^^^^^^^^^^^^^^^^^^^^^^^^^^^^^^
[INFO] [stdout] 1183 |
[INFO] [stdout] 1184 |     let mut area = 0.0;
[INFO] [stdout]      |     ------------------- rustdoc does not generate documentation for statements
[INFO] [stdout]      |
[INFO] [stdout]      = help: use `//` for a plain comment
[INFO] [stdout] 
[INFO] [stdout] 
[INFO] [stdout] warning: unused doc comment
[INFO] [stdout]     --> src/bem/integ.rs:1054:5
[INFO] [stdout]      |
[INFO] [stdout] 1054 |     ///Does the integral on line 2 of eq(28) of Hyp-singular integrals paper. Carried out on the inner subsurface
[INFO] [stdout]      |     ^^^^^^^^^^^^^^^^^^^^^^^^^^^^^^^^^^^^^^^^^^^^^^^^^^^^^^^^^^^^^^^^^^^^^^^^^^^^^^^^^^^^^^^^^^^^^^^^^^^^^^^^^^^^^
[INFO] [stdout] 1055 |
[INFO] [stdout] 1056 |     let mut area = 0.0;
[INFO] [stdout]      |     ------------------- rustdoc does not generate documentation for statements
[INFO] [stdout]      |
[INFO] [stdout]      = help: use `//` for a plain comment
[INFO] [stdout]      = note: `#[warn(unused_doc_comments)]` on by default
[INFO] [stdout] 
[INFO] [stdout] 
[INFO] [stdout] warning: unused doc comment
[INFO] [stdout]     --> src/bem/integ.rs:1118:5
[INFO] [stdout]      |
[INFO] [stdout] 1118 |     ///Does the integral on line 3 of eq(28) of Hyp-singular integrals paper. Carried out on the inner subsurface
[INFO] [stdout]      |     ^^^^^^^^^^^^^^^^^^^^^^^^^^^^^^^^^^^^^^^^^^^^^^^^^^^^^^^^^^^^^^^^^^^^^^^^^^^^^^^^^^^^^^^^^^^^^^^^^^^^^^^^^^^^^
[INFO] [stdout] 1119 |
[INFO] [stdout] 1120 |     let mut area = 0.0;
[INFO] [stdout]      |     ------------------- rustdoc does not generate documentation for statements
[INFO] [stdout]      |
[INFO] [stdout]      = help: use `//` for a plain comment
[INFO] [stdout] 
[INFO] [stdout] 
[INFO] [stdout] warning: unused doc comment
[INFO] [stdout]     --> src/bem/integ.rs:1182:5
[INFO] [stdout]      |
[INFO] [stdout] 1182 |     ///Does the integral on line 5 of eq(28) of Hyp-singular integrals paper. Carried out on the inner subsurface
[INFO] [stdout]      |     ^^^^^^^^^^^^^^^^^^^^^^^^^^^^^^^^^^^^^^^^^^^^^^^^^^^^^^^^^^^^^^^^^^^^^^^^^^^^^^^^^^^^^^^^^^^^^^^^^^^^^^^^^^^^^
[INFO] [stdout] 1183 |
[INFO] [stdout] 1184 |     let mut area = 0.0;
[INFO] [stdout]      |     ------------------- rustdoc does not generate documentation for statements
[INFO] [stdout]      |
[INFO] [stdout]      = help: use `//` for a plain comment
[INFO] [stdout] 
[INFO] [stdout] 
[INFO] [stdout] warning: use of deprecated type alias `nalgebra::Dynamic`: use Dyn instead.
[INFO] [stdout]  --> src/bem/geom.rs:2:34
[INFO] [stdout]   |
[INFO] [stdout] 2 | use nalgebra::{DMatrix, DVector, Dynamic, OMatrix, Vector3, Vector6};
[INFO] [stdout]   |                                  ^^^^^^^
[INFO] [stdout]   |
[INFO] [stdout]   = note: `#[warn(deprecated)]` on by default
[INFO] [stdout] 
[INFO] [stdout] 
[INFO] [stdout] warning: use of deprecated type alias `nalgebra::Dynamic`: use Dyn instead.
[INFO] [stdout]    --> src/bem/geom.rs:573:32
[INFO] [stdout]     |
[INFO] [stdout] 573 |     let mut arel :OMatrix<f64, Dynamic, U1> = DVector::zeros(nelm);
[INFO] [stdout]     |                                ^^^^^^^
[INFO] [stdout] 
[INFO] [stdout] 
[INFO] [stdout] warning: use of deprecated type alias `nalgebra::Dynamic`: use Dyn instead.
[INFO] [stdout]  --> src/bem/bem_for_ode.rs:4:34
[INFO] [stdout]   |
[INFO] [stdout] 4 | use nalgebra::{DMatrix, DVector, Dynamic, OMatrix, Quaternion, U1, UnitQuaternion, Vector3, Vector6};
[INFO] [stdout]   |                                  ^^^^^^^
[INFO] [stdout] 
[INFO] [stdout] 
[INFO] [stdout] warning: use of deprecated type alias `nalgebra::Dynamic`: use Dyn instead.
[INFO] [stdout]   --> src/bem/bem_for_ode.rs:17:30
[INFO] [stdout]    |
[INFO] [stdout] 17 | type PhiState = OMatrix<f64, Dynamic, U1>;
[INFO] [stdout]    |                              ^^^^^^^
[INFO] [stdout] 
[INFO] [stdout] 
[INFO] [stdout] warning: use of deprecated type alias `nalgebra::Dynamic`: use Dyn instead.
[INFO] [stdout]  --> src/bem/geom.rs:2:34
[INFO] [stdout]   |
[INFO] [stdout] 2 | use nalgebra::{DMatrix, DVector, Dynamic, OMatrix, Vector3, Vector6};
[INFO] [stdout]   |                                  ^^^^^^^
[INFO] [stdout]   |
[INFO] [stdout]   = note: `#[warn(deprecated)]` on by default
[INFO] [stdout] 
[INFO] [stdout] 
[INFO] [stdout] warning: use of deprecated type alias `nalgebra::Dynamic`: use Dyn instead.
[INFO] [stdout]    --> src/bem/geom.rs:573:32
[INFO] [stdout]     |
[INFO] [stdout] 573 |     let mut arel :OMatrix<f64, Dynamic, U1> = DVector::zeros(nelm);
[INFO] [stdout]     |                                ^^^^^^^
[INFO] [stdout] 
[INFO] [stdout] 
[INFO] [stdout] warning: use of deprecated type alias `nalgebra::Dynamic`: use Dyn instead.
[INFO] [stdout]  --> src/bem/bem_for_ode.rs:4:34
[INFO] [stdout]   |
[INFO] [stdout] 4 | use nalgebra::{DMatrix, DVector, Dynamic, OMatrix, Quaternion, U1, UnitQuaternion, Vector3, Vector6};
[INFO] [stdout]   |                                  ^^^^^^^
[INFO] [stdout] 
[INFO] [stdout] 
[INFO] [stdout] warning: use of deprecated type alias `nalgebra::Dynamic`: use Dyn instead.
[INFO] [stdout]   --> src/bem/bem_for_ode.rs:17:30
[INFO] [stdout]    |
[INFO] [stdout] 17 | type PhiState = OMatrix<f64, Dynamic, U1>;
[INFO] [stdout]    |                              ^^^^^^^
[INFO] [stdout] 
[INFO] [stdout] 
[INFO] [stdout] error[E0277]: cannot subtract `&nalgebra::Matrix<f64, nalgebra::Const<3>, nalgebra::Const<1>, ArrayStorage<f64, 3, 1>>` from `f64`
[INFO] [stdout]     --> src/bem/integ.rs:1103:31
[INFO] [stdout]      |
[INFO] [stdout] 1103 |         let r_int = (dfdn_int - dfdn_xi) * vn.dot(&dg);
[INFO] [stdout]      |                               ^ no implementation for `f64 - &nalgebra::Matrix<f64, nalgebra::Const<3>, nalgebra::Const<1>, ArrayStorage<f64, 3, 1>>`
[INFO] [stdout]      |
[INFO] [stdout]      = help: the trait `Sub<&nalgebra::Matrix<f64, nalgebra::Const<3>, nalgebra::Const<1>, ArrayStorage<f64, 3, 1>>>` is not implemented for `f64`
[INFO] [stdout]      = help: the following other types implement trait `Sub<Rhs>`:
[INFO] [stdout]                <&'a f64 as Sub<Complex<f64>>>
[INFO] [stdout]                <&'a f64 as Sub<f64>>
[INFO] [stdout]                <&'b f64 as Sub<&'a Complex<f64>>>
[INFO] [stdout]                <&f64 as Sub<&f64>>
[INFO] [stdout]                <f64 as Sub<&'a Complex<f64>>>
[INFO] [stdout]                <f64 as Sub<&f64>>
[INFO] [stdout]                <f64 as Sub<Complex<f64>>>
[INFO] [stdout]                <f64 as Sub<wide::f64x2_::f64x2>>
[INFO] [stdout]              and 2 others
[INFO] [stdout] 
[INFO] [stdout] 
[INFO] [stdout] error[E0277]: cannot subtract `&nalgebra::Matrix<f64, nalgebra::Const<3>, nalgebra::Const<1>, ArrayStorage<f64, 3, 1>>` from `f64`
[INFO] [stdout]     --> src/bem/integ.rs:1103:31
[INFO] [stdout]      |
[INFO] [stdout] 1103 |         let r_int = (dfdn_int - dfdn_xi) * vn.dot(&dg);
[INFO] [stdout]      |                               ^ no implementation for `f64 - &nalgebra::Matrix<f64, nalgebra::Const<3>, nalgebra::Const<1>, ArrayStorage<f64, 3, 1>>`
[INFO] [stdout]      |
[INFO] [stdout]      = help: the trait `Sub<&nalgebra::Matrix<f64, nalgebra::Const<3>, nalgebra::Const<1>, ArrayStorage<f64, 3, 1>>>` is not implemented for `f64`
[INFO] [stdout]      = help: the following other types implement trait `Sub<Rhs>`:
[INFO] [stdout]                <&'a f64 as Sub<Complex<f64>>>
[INFO] [stdout]                <&'a f64 as Sub<f64>>
[INFO] [stdout]                <&'b f64 as Sub<&'a Complex<f64>>>
[INFO] [stdout]                <&f64 as Sub<&f64>>
[INFO] [stdout]                <f64 as Sub<&'a Complex<f64>>>
[INFO] [stdout]                <f64 as Sub<&f64>>
[INFO] [stdout]                <f64 as Sub<Complex<f64>>>
[INFO] [stdout]                <f64 as Sub<wide::f64x2_::f64x2>>
[INFO] [stdout]              and 2 others
[INFO] [stdout] 
[INFO] [stdout] 
[INFO] [stdout] error: aborting due to 2 previous errors; 7 warnings emitted
[INFO] [stdout] 
[INFO] [stdout] 
[INFO] [stdout] Some errors have detailed explanations: E0277, E0425.
[INFO] [stdout] 
[INFO] [stdout] For more information about an error, try `rustc --explain E0277`.
[INFO] [stdout] 
[INFO] [stderr] error: could not compile `multi_ellip` (lib test) due to 3 previous errors; 7 warnings emitted
[INFO] [stderr] warning: build failed, waiting for other jobs to finish...
[INFO] [stdout] error: aborting due to 2 previous errors; 7 warnings emitted
[INFO] [stdout] 
[INFO] [stdout] 
[INFO] [stdout] Some errors have detailed explanations: E0277, E0425.
[INFO] [stdout] 
[INFO] [stdout] For more information about an error, try `rustc --explain E0277`.
[INFO] [stdout] 
[INFO] [stderr] error: could not compile `multi_ellip` (lib) due to 3 previous errors; 7 warnings emitted
[INFO] running `Command { std: "docker" "inspect" "220c3e7772a1a09997c671aeb4226022d06e632c870a0d78ef3421c2c84755de", kill_on_drop: false }`
[INFO] running `Command { std: "docker" "rm" "-f" "220c3e7772a1a09997c671aeb4226022d06e632c870a0d78ef3421c2c84755de", kill_on_drop: false }`
[INFO] [stdout] 220c3e7772a1a09997c671aeb4226022d06e632c870a0d78ef3421c2c84755de
